= -0*j. Let x(g) = -g**2 - 3*g + 3. Give x(j).
3
Let g = -1 - -5. Let i(p) = p + p**2 - 1 + p**2 + g*p. Give i(-4).
11
Suppose 5*u = u + 8. Suppose -3*a + 2*v - 2 = 4, 0 = -a - u*v - 2. Let b(h) = 2*h**2 + 3*h + 3. Calculate b(a).
5
Let a(k) = 5*k**3 + k**2 - 1. Let z be a(1). Let b(i) = -7*i**3 - 6*i**2 + i. Let u(g) = -7*g**3 - 5*g**2 + g. Let n(y) = z*b(y) - 6*u(y). What is n(-1)?
-6
Let q(j) = j**2 + 7*j + 9. Let d be q(-6). Let o(c) be the third derivative of 1/6*c**3 + 0*c - d*c**2 + 1/12*c**4 + 0. Calculate o(2).
5
Let w(x) = -2*x**2 - 2*x + 2. Let p(j) = j**2 - 4*j - 3. Let a be p(4). Calculate w(a).
-10
Let f(y) be the third derivative of 0*y + 0 + y**3 + 2*y**2 + 1/8*y**4. Let h = -8 - -4. Determine f(h).
-6
Let x = 19 - 25. Let r(u) = -u**2 - 6*u - 1. Calculate r(x).
-1
Let h = 46 - 45. Let b(c) = -2*c**2 - 1. What is b(h)?
-3
Let w(x) = -10*x**2 + x**3 - 12*x**2 + 3 + 18*x**2 - 6*x. Give w(5).
-2
Let i(s) be the second derivative of -s**4/12 - 4*s**3/3 + 5*s**2/2 - 4*s. Determine i(-8).
5
Let b(f) = -4*f**2 + 7. Let o(p) = -11*p**2 + 22. Let l(g) = 8*b(g) - 3*o(g). Let i(c) = -c**2 + 5*c - 4. Let x be i(4). Give l(x).
-10
Let x(f) = -4 + 2 + 9 + f. Let s(l) = 3*l**2 - 13*l - 13. Let h be s(5). Calculate x(h).
4
Let u(o) = -6*o - 9*o + 14*o. Calculate u(-1).
1
Let y(t) = t**3 + t**2 + t - 1. Let r be y(0). Let a(g) be the first derivative of -3*g**2/2 + 3. Calculate a(r).
3
Let r(s) = 5*s - 7. Let o(l) = 2*l - 2. Let z(w) = -14*o(w) + 4*r(w). Let b(v) = 2*v**2 + 18*v + 27. Let a be b(-7). Calculate z(a).
8
Suppose -4*p = -4*g - p + 2, 4*g = -p + 10. Let j(b) = -b**2 - 1 - b**3 + 7 + 0 + 0*b**g. Give j(0).
6
Let j = 1 - 0. Let i(n) = -3 - j + n**2 + 0 + 4*n. Calculate i(-6).
8
Let n(k) = 0*k**3 - k**2 + 2*k**2 - k**3 - k - 3*k**2. Suppose -2*q - 4*m - 10 = -4*q, 0 = 4*q + m + 16. Calculate n(q).
12
Let o(d) = d**3 - d**2 - 9*d + 3. Let u be o(3). Let s(l) = l**3 + 7*l**2 + 6*l - 6. Determine s(u).
-6
Let b(g) = -g**2 + 3*g - 1. Let o(a) = a**2 - 5*a - 8. Let p be o(6). Let s = 0 - p. Let y = 6 - s. Determine b(y).
-5
Let f(m) = m**2 + m - 3. Let d be (9/6)/(3/(-4)). Let r be d + 3/((-9)/(-24)). Suppose 0 = -r*b + 4*b. Determine f(b).
-3
Let p(n) = -6*n. Suppose -o + 3 = 2*k - 3, 0 = 3*o. Suppose 7 + 5 = k*s. Suppose -2*i - s = -2. Calculate p(i).
6
Suppose 3*q - 7 = -5*b - 33, 3*q = -2*b - 23. Let h(s) = 8*s - 3. Let u be h(-1). Let t = u - q. Let p(o) = -o**2 - 2*o + 2. Give p(t).
-6
Let m(l) be the third derivative of -l**4/24 + l**3/2 + 8*l**2. Give m(6).
-3
Let h(r) = 2*r + 1. Let f = -8 + 4. Calculate h(f).
-7
Let a(u) = -u**2 + 4*u - 1. Let y be a(3). Let f(j) = 1 - j**2 - j**3 - j + 5*j**y - j. Give f(4).
-7
Let k(q) = 2*q**3 + 9 - 3*q**3 - 8*q**2 + 2*q + 2*q**2 + 0. Determine k(-6).
-3
Let j(d) = -d + 11. Let b(a) = 2. Let y(f) = 10*b(f) - 2*j(f). Let h be y(4). Let u(n) = n**2 - 3*n - 5. What is u(h)?
13
Let v(w) = w**3 + 4*w**2 + 3*w - 3. Suppose -10*f - 16 = -6*f. Determine v(f).
-15
Suppose -2*f = 4*f. Let j(w) = -w**2 + 16. Determine j(f).
16
Let l(m) = -2*m**2 - m**2 - 8*m + 0 - 1 - 5*m**3. Let i(q) = -11*q**3 - 6*q**2 - 17*q - 2. Let n(h) = -6*i(h) + 13*l(h). Let p = 6 - 2. What is n(p)?
7
Let x(c) = 3*c. Let m be x(-1). Let n(o) be the third derivative of -o**6/120 - o**5/20 + o**4/24 + 2*o**3/3 - 4*o**2. Give n(m).
1
Let u(p) be the first derivative of -p**2/2 - 3*p - 8. Give u(8).
-11
Let a = 3 + 0. Suppose -4*q + 3*g = g + 10, 3*q + 6 = a*g. Let k(r) be the second derivative of -r**5/20 - r**4/4 - 2*r**3/3 - r**2/2 + r. Calculate k(q).
11
Let c(x) be the first derivative of -x**3/3 - 7*x**2/2 - 6*x - 7. Give c(-4).
6
Let o = -1 - -2. Let r(a) = a**2 + a. Let c be r(o). Let x(t) = -c*t**2 + t**2 + 3*t - 2 - 1. Determine x(2).
-1
Let m = -1 - -4. Suppose 6*f - m*f = 0. Suppose -3*t - 5*i + 6 = f, 2*i = -t + 2*t - 2. Let s(r) = 5*r - 2. Determine s(t).
8
Let s be ((-5)/(-2))/((-1)/2). Let g be 24/s + (-5)/25. Let j(r) = 0 - 2 + 2*r - 4*r**2 - r**3 - 5. Give j(g).
8
Let c(z) = -z**3 - 3*z**2 + 7*z + 6. Let b = -1 + 2. Let j be ((-6)/9)/(b/6). What is c(j)?
-6
Let g(n) = 5*n**3 - 10*n**2 - 4*n - 4. Let y(b) = 4*b**3 - 9*b**2 - 4*b - 3. Let o(w) = -3*g(w) + 4*y(w). Determine o(6).
-24
Let t(s) = -s**2 + 2*s + 1. Let r = 57 - 41. Suppose -v + 3*o = 10, -5*o + r = -v - v. Determine t(v).
1
Let v(c) = c**2 - 7*c + 7. Suppose 2*b = -7 + 19. Give v(b).
1
Let w(u) = u**2 - 2. Suppose -5*t + 3*m = -0*m - 52, 2*m + 24 = 2*t. Let z be (1*8)/(1 - 2). Let d = z + t. Give w(d).
-2
Let s be 0/((-1 - 0)/(-1)). Let t(i) = i. Let w be t(s). Let b(d) = -d**2 + d - 1. Calculate b(w).
-1
Suppose 4*w = -5*h + 12, 2*w + 3*h = -4 + 12. Let r = w - -4. Let p(t) = -1 + 0*t - 2*t + 3*t**r - t**2. What is p(-1)?
3
Let x(a) be the third derivative of a**8/20160 + a**7/1680 + a**6/720 - a**5/10 - 2*a**2. Let m(p) be the third derivative of x(p). Determine m(-3).
1
Let z(j) = -2*j**2 + 1. Let v be (6/(-2))/((-9)/12). Suppose -5*r - 16 = -v*o - 0*o, o - 11 = 3*r. What is z(o)?
-1
Let n(f) be the third derivative of f**4/12 + f**3/6 + 5*f**2. Determine n(2).
5
Let l(p) = -4*p**3 - p + 5*p**3 - 3 + 6 + p**2 - 2. Determine l(1).
2
Let k(z) = -z - 1. Suppose 0 = -3*y - 3 - 12. Determine k(y).
4
Let s(x) = 2*x**2 - x - 4. Let k(h) = h**2 - 2. Let p(c) = -5*k(c) + 3*s(c). Suppose -3*f = -f - 36. Suppose -w + f = -3*o, -o - 7 + 2 = 0. Calculate p(w).
-2
Let x(a) = a - 4. Let k be 6/45 + (-235)/75. Let i be (6/(-10))/(k/15). Calculate x(i).
-1
Let n = 4 - 0. Let g(z) be the third derivative of -z**6/360 + 5*z**4/24 - z**3/6 - z**2. Let j(l) be the first derivative of g(l). Calculate j(n).
-11
Let h(w) = 2*w - w**2 - 4*w + 1 - w**2 + w**3. Let p(b) = -b**2 - 7*b + 10. Let z be p(-8). Give h(z).
-3
Let g = -15 - -15. Let o(t) be the second derivative of -1/20*t**5 - 2*t**2 + 1/3*t**4 + 5/6*t**3 + g + 2*t. Calculate o(5).
-4
Let j(q) = -4*q - 2. Let i(s) = 11*s + 6. Let v(x) = 3*i(x) + 8*j(x). Suppose -k - 3*n + 3 = 0, 2*n + 1 + 17 = -4*k. Give v(k).
-4
Let i(w) be the second derivative of -2*w + 1/2*w**2 - 3/2*w**3 + 0. What is i(1)?
-8
Let w(a) = -13*a + 1. Let i(v) = 28*v - 2. Let p(o) = -6*i(o) - 13*w(o). Calculate p(6).
5
Let j(y) be the second derivative of y**7/2520 - 7*y**6/720 - y**5/60 + 5*y**4/6 + y. Let h(a) be the third derivative of j(a). What is h(5)?
-12
Let w(y) = -5*y**3 - 2*y**2 + 1. Let t be (-4)/12*(-1 + -2). Determine w(t).
-6
Let a(m) = m**2 - m - 1. Suppose q - 3 = 4*p + 1, -4*q + 2*p = -2. Give a(q).
-1
Let f(b) = 2*b - 3. Let s(i) = -3*i + 4. Let u(t) = 5*f(t) + 4*s(t). Let c be u(-2). Suppose 4 = -c*n + 14. Let o(d) = 2*d**2 - 3*d + 1. What is o(n)?
3
Let g(o) be the first derivative of -o**4/12 + 2*o**2 - 6*o + 3. Let k(q) be the first derivative of g(q). Give k(3).
-5
Let p(j) be the third derivative of -j**6/60 - 46*j**2. Let m(t) = -2*t - 3. Let s be m(-2). Determine p(s).
-2
Let q(j) = j - 3. Suppose 5*u + 3*o = -12, -5*u + 5*o + 20 = -10*u. What is q(u)?
-3
Let t(o) = -o**2 + o + 1. Let b = -25 - -16. Let h(k) = -k**2 + k - 7. Let i be h(0). Let q = b - i. Give t(q).
-5
Let u be (-10)/(-4)*(3 - 1). Let k(t) = -t**2 + 7*t - 1. Calculate k(u).
9
Let k = 2 - 7. Let d(l) be the second derivative of -l**4/12 - 2*l**3/3 - 5*l**2/2 - 2*l. Calculate d(k).
-10
Let f(k) = -4*k - 5*k**2 - 3 - 2 + 3. Determine f(-2).
-14
Suppose -5*d - 8 = -3*d - 4*q, 0 = -5*d - 3*q + 32. Suppose 3 + 7 = 2*g. Let b(s) = 3 + 3 + 2*s**2 - 3*s**2 + g*s - 5. Calculate b(d).
5
Let a(w) be the second derivative of 0*w**2 - 1/12*w**4 + 3*w + 0*w**3 + 0 - 1/10*w**5. Determine a(-1).
1
Let j be (-15)/(-6)*(-42)/35. Let b(k) = -k**3 - 2*k**2 + 2*k - 1. Give b(j).
2
Let o = 4 - 6. Let f be -3*(o + 0)*1. Let z(s) = s**3 - 5*s**2 - 6*s - 4. Let m be z(f). Let l(j) = j**3 + 2*j**2 - 6*j - 2. Determine l(m).
-10
Let k = 9 + -4. Suppose b = -0*b + 2. Let n(h) = -3*h**2 + 4*h - 5. Let c(i) = -10*i**2 + 11*i - 15. Let r(p) = b*c(p) - 7*n(p). Give r(k).
0
Let f(v) = v + 17. Let y be f(-7). Let j = y + -6. Let z(x) = -x + 5. Determine z(j).
1
Let g(h) = -h**3 + 3*h**2 + 3*h + 1. Suppose 2*n = 4*l + 26, -5*l = -3*n - n + 34. Let f = 10 + l. Determine g(f).
-3
Let t(s) = -s**3 + 7*s**2 - 5*s + 5. Let c = -15 + 21. What is t(c)?
11
Let h = 2 - -4. Suppose -4*i = -i - h. Let 